 9*g**2 + 11*g - 12. Give i(n).
-2
Suppose -4*c + 10 = 3*j - 2*c, j = -3*c + 1. Let r be (-4)/(-32) - 14/(-16). Let z(y) = -9 - 4*y + r + 10. Determine z(j).
-14
Let w(q) = q**2 - 25*q + 24. Let r(u) = u**2 - 31*u + 162. Let m be r(24). Let i(s) = -2*s**2 + 47*s - 46. Let x(b) = m*i(b) - 11*w(b). Determine x(6).
6
Let z(y) = 4*y + 7. Let t be z(-1). Suppose d = -t*b - 15, -4*b = -8*d + 13*d + 42. Let p(n) = -n + 2. Give p(d).
8
Let r(d) = -d**3 - 36*d**2 + 33*d + 25. Let g(j) = 3*j**3 + 71*j**2 - 47*j - 49. Let s(m) = 2*g(m) + 5*r(m). Calculate s(36).
-9
Let v be -5*(62 + -5)/3. Let d = v - -97. Let w(r) = -30*r - r**d - 30*r + 5 + 64*r. Give w(4).
5
Suppose -300*w = -264*w + 252. Let r(j) = 8*j + 21. What is r(w)?
-35
Let p(y) be the first derivative of y**4/2 + 3*y**2/2 - 2*y - 60. Let v be p(1). Let s(z) = z**2 - 2*z - 2. Give s(v).
1
Let o(m) = 42*m**3 + 2*m - 9. Let p(t) = 39*t**3 + 2*t - 11. Let w(a) = -5*o(a) + 4*p(a). Give w(1).
-55
Let m(t) = 4*t**2 - 6*t - t**2 - 2*t**2 - 5. Let f be ((-13)/((-91)/2))/(6/21). Let z(y) = -y + 1. Let s(d) = f*z(d) + m(d). Calculate s(7).
-4
Let s(m) be the first derivative of 2*m**2 - m + 8. Let l = 18 - 33. Let y be ((-3)/(-9))/((-5)/l) - 3. Give s(y).
-9
Let v = 250 + -246. Suppose -3*z + 30 = -h, v*z + h - 15 = 18. Let a(l) = -l**3 + 7*l**2 + 14*l - 8. Calculate a(z).
-44
Let w(g) = 126 - 4*g**2 + 8*g**2 + 2*g**3 - 5*g**2 + g - 115. Calculate w(0).
11
Let u(v) = v**3 - 4*v**2 + 5*v - 14. Suppose -w + 27 = 3*c - 4*w, -w = -5*c + 25. Determine u(c).
6
Let w(u) = u**3 - 21*u**2 + 61*u + 2. Let z(n) = -n**2 + 4*n. Let c(p) = w(p) - 11*z(p). Calculate c(8).
10
Let f(h) = 17*h**2 - 2*h + 2. Let x be ((-48)/(-24))/(5 + -7 - -4). What is f(x)?
17
Suppose -18*b = -12*b - 192. Let t(o) = -24*o + 84*o - b*o - 23*o. Calculate t(1).
5
Let m(a) = a**2 - 6*a + 5. Let s(n) = -n**2 + 8. Let u = 58 - 58. Let w be s(u). What is m(w)?
21
Let l(a) = 5*a - 7. Let n(h) = 0 + 3*h - 7 + 3*h. Suppose d + 36*d = 148. Let s(i) = d*n(i) - 5*l(i). Give s(5).
2
Suppose -25*u = 77 - 127. Let n(z) = -z**2 + 0*z**u - 8717*z - 1 + 8708*z - 4. Calculate n(-6).
13
Let a(f) = f**2 - 4*f + 2. Let u be 2/(-2)*-1*120/(-24). Let s be (1/u)/(4/(-140)) + -3. Calculate a(s).
2
Let c(n) be the third derivative of -n**5/120 - n**4/24 + 35*n**3/6 - 2*n**2 - 5. Let m(o) be the first derivative of c(o). Determine m(-3).
2
Let a be 16/6 + 1/3. Let f(g) be the third derivative of -g**5/60 + g**4/8 + g**3/3 + 265*g**2 - 4*g - 1. Determine f(a).
2
Suppose 2*c + 11*k + 9 = 12*k, -4*c + 2 = 2*k. Let n(t) be the third derivative of -t**6/120 - t**5/30 - t**4/24 + t**3/6 + 36*t**2. Give n(c).
3
Let h(z) = -z**3 - 4*z**2 + 24*z + 91. Let j(r) = -4*r**2 - 36*r - 36. Let u be j(-1). What is h(u)?
-5
Let v(w) = -64*w - 131. Let i be (123/82)/(3/(-4)). Let s be v(i). Let k(n) = -n - n - 1 - n**2 + n. Determine k(s).
-7
Suppose -4*v = -4*i - 60, -4*v + 2*i = -3*i - 57. Let u(l) = 14*l**2 + v*l**2 + 7 + 20*l**2 - 54*l**2 + 8*l. Calculate u(5).
-3
Let a(u) = 2*u + 48. Let b be a(-14). Suppose -j = 2*x - 20, 4*x - 7*x + b = -j. Let n(q) = q**2 - 9*q + 6. Determine n(x).
-2
Let d(m) = -m + 35. Let z = 46 + -67. Let n be d(z). Suppose 11*f = 10 + n. Let h(j) = -3*j + 6. Calculate h(f).
-12
Let z(x) = -8*x**3 - 63038 + 63042 + 0*x**2 + 5*x + x**2. Give z(-2).
62
Let g(z) = -11*z - 6. Let n(j) = 20*j + 9. Let v(m) = -5*g(m) - 3*n(m). Let x be (1 + -2)/(10/50). Calculate v(x).
28
Let m(p) be the third derivative of -p**4/2 - p**3/3 - 8647*p**2. Suppose 2*i + 2*o = 7*i + 20, -2*i - 19 = -3*o. Calculate m(i).
22
Let d(h) = -h**3 + 6*h**2 + 2*h - 2. Let m(a) = -15*a - 35*a + 70*a**2 - 73 - 71*a**2 + 9*a. Let o be m(-39). Determine d(o).
33
Suppose o - 4*r - 22 = 0, 5 = -16*o + 21*o + r. Let i(l) = l**2 + l. Let s be i(-2). Let k(m) = -9*m**2 + 2*m**o + s*m**3 - 3*m - 3*m**3. Calculate k(-7).
21
Let n(f) = -12*f + 24. Let y be -10 + -4 + 13 - (-12 + (-16)/(-4)). What is n(y)?
-60
Let m(k) = -k**3 - k - 6. Let x(z) be the first derivative of z**3/3 - 4*z**2 + 19*z - 36. Let l be x(3). Suppose 2*r - 8 = l*w, -w + 2 = -3*r + 14. Give m(w).
-6
Let t be (-2)/(-19) - 42/38. Let w(n) = -2*n**2 - 2*n - 3. Calculate w(t).
-3
Let g(n) be the first derivative of -n**3 - 14*n**2 + 10*n - 902. Give g(-10).
-10
Let i(r) = 27*r + 102 + 5*r**2 - 2*r - 4*r**2. Let t be i(-20). Let g(b) = -b**3 + 5*b**2 - 2*b. Determine g(t).
8
Let u(d) be the first derivative of -5*d - 3/2*d**2 - 6. Suppose -5*n + 5*f - 10 = 0, -f = n - 0*f + 6. Give u(n).
7
Let w(l) be the second derivative of l**4/12 + 13*l**3/2 + l**2 + 6496*l. What is w(-39)?
2
Let x(z) = 5*z + 3. Let a(v) = -7*v - 49. Let b(t) = -a(t) - 4*x(t). Calculate b(6).
-41
Let a = -56 - -61. Suppose 5*v = -4*j + 6*j - 409, a*v = j - 192. Suppose -221 = b - j. Let q(n) = n**3 + 5*n**2 + 3*n - 2. What is q(b)?
2
Let p(x) = -2*x + 2. Let b(n) = n - 3. Let j(l) = -3*b(l) - 4*p(l). Suppose 108*k + 552 = -30*k. What is j(k)?
-19
Let k(x) = -26*x**2 + 6 + 2*x + 23*x**2 + x - x**3. Let g(n) be the first derivative of -n**3/3 + 13*n**2/2 + 44*n - 32. Let f be g(16). Determine k(f).
10
Let m(n) = 11*n - 26. Let i(r) be the second derivative of 3*r**3/2 - 11*r**2 + 285*r. Let y(g) = 6*i(g) - 5*m(g). Calculate y(3).
-5
Let h(k) be the first derivative of k**4/4 - 5*k**3/3 - 6*k - 1. Let q = -146 + 151. Let u be h(q). Let z(f) = -f**3 - 5*f**2 + 5*f - 5. Give z(u).
1
Suppose -5*s + 9*s + 3*a + 45 = 0, 2*s - 3*a + 9 = 0. Let o(q) = q**3 + 8*q**2 - 10*q + 5. Calculate o(s).
14
Let a(g) = g. Let y(l) = -l**2 - 6*l. Let o(b) = 3*a(b) - y(b). Let n = -333 - -324. Calculate o(n).
0
Let n(s) = -14*s - 122. Let i be n(-9). Let j(q) = -i*q**3 - 2 + 9*q**3 - 4*q**2 + 0*q**3 - 3*q**3 + q - q**3. Give j(4).
2
Let l(x) be the second derivative of -x**4/12 - 2*x**3 + 15*x**2 - 2744*x. Give l(-13).
17
Let j = -85 - -89. Suppose j*o + 12 = 5*n, 4*o = -n + 19 - 7. Let i(k) = 17*k**2 - 3*k**2 - k - 12*k**o - 3*k**2. Give i(0).
0
Let n(b) be the second derivative of -b**5/20 + 7*b**4/12 - 7*b**3/6 + 6*b**2 + 49*b. Let m(d) = d**3 - 2*d**2 - 11*d + 18. Let c be m(4). What is n(c)?
6
Suppose 0 = 3*r + 2*q - 2, -84*r - 2 = -83*r + 2*q. Let t(o) be the first derivative of -1/4*o**4 - 9 + o**r + 11*o - 3*o**3. Give t(-9).
-7
Let o(f) be the second derivative of -f**4/6 + 13*f**3/6 + 5*f**2/2 - 1184*f. What is o(6)?
11
Let m(j) = -125*j + 2. Let u(c) = 120*c + 1. Let w(l) = -3*m(l) - 2*u(l). Determine w(0).
-8
Let h(o) = -104*o**3 + 28*o**2 + 28*o - 12. Let b(y) = -74*y**3 + 20*y**2 + 19*y - 8. Let z(x) = 7*b(x) - 5*h(x). Calculate z(0).
4
Suppose -7*w + 13*w - 30 = 0. Let a(o) = -o**3 + 6*o**2 - 4*o - 3. Let n be a(w). Let k(d) = -d**3 - 64*d**2 + 2 - 2*d + 60*d**n - 5. Calculate k(-3).
-6
Let q(f) be the first derivative of f**6/120 + f**5/6 + 5*f**3/6 - 81*f**2 - 43. Let c(s) be the second derivative of q(s). What is c(-10)?
5
Let f = -28683 + 28687. Let v(x) be the second derivative of x**4/12 - x**3 + 11*x**2/2 + 2*x. Give v(f).
3
Let q(d) = -5*d**3 + 2*d**2 + 3*d - 4. Let z be ((-46)/(-230))/((-2)/(-10)). What is q(z)?
-4
Let c = -8852 - -8866. Let w(r) = 12*r - 153. Give w(c).
15
Let x(w) = -w**2 + 10*w - 11. Let d(c) = -c**3 - c**2 + c + 7. Let z be d(0). Suppose 113*g + 328 = 117*g. Suppose z*r - g = -26. What is x(r)?
5
Let d(i) = -i - 1. Let u(y) = 10*y. Let o = -274 - -270. Let c(r) = o*d(r) - u(r). What is c(4)?
-20
Let i(g) = 10*g + 542. Let r be i(-54). Let c(p) be the third derivative of -p**6/40 + p**5/15 - p**4/8 + 20*p**2. Determine c(r).
-14
Let u(a) = -6*a**3 + 16*a**2 - 12*a - 24. Let b(f) = 5*f**3 - 16*f**2 + 13*f + 27. Let r(p) = -7*b(p) - 6*u(p). Give r(-17).
-11
Let i(j) = -3*j + 13. Suppose 4*h + 3*u = 29, h - 6*u + 7 = -2*u. What is i(h)?
-2
Let c(v) = -v**3 + 3*v**2 + 236*v - 49. Let z be c(-14). Let m(q) = -q + 10. Give m(z).
31
Let u(o) be the third derivative of -o**6/36 + o**5/60 + o**4/24 + 11*o**3/6 - 7*o**2 + 2. Let f(z) be the first derivative of u(z). Calculate f(-1).
-11
Let o(f) = f + 8. Suppose 22 = 5*m - 23. Suppose 0 = 3*v - m, 3*j - v + 4 = 49. Suppose -24 = 3*i + 4*b, 0 = 2*i - b - 3*b + j. Give o(i).
0
Let a(m) = -5*m**3 - 3*m**2 - 4*m - 1. Let g = 3574 + -3575. Determine a(g).
5
Let o = 77 + -127. Let w = o + 54. Suppose -2*n - w*